 y(5). Calculate the highest common divisor of m and 20.
10
Let r(x) = 2*x - 25. Let h be r(14). Suppose h*b - 2*f - 73 = 0, -4*b + 103 = f + 2*f. Calculate the greatest common divisor of 10 and b.
5
Suppose x - 2 = 8. Let u = -5 + x. Suppose u*b - 85 = -0*b. Calculate the highest common divisor of 17 and b.
17
Suppose -3*d + 4*j + 6 = j, 10 = -3*d - 5*j. Suppose 0 = q - 3*q + s, d = -3*s + 12. Calculate the highest common divisor of q and 2.
2
Let z = 153 - 144. What is the highest common factor of z and 9?
9
Let c be (-780)/(-468)*72/10. Let o = -42 + 66. Calculate the highest common factor of c and o.
12
Let m(t) = t**2 + 12*t - 3. Let x(k) = k**3 + 18*k**2 - 15. Let j be x(-18). Let u be m(j). Calculate the greatest common divisor of 210 and u.
42
Suppose 4*x + x = 65. Let v be 16/(-120) - 2/(-15). Let l = 117 - v. Calculate the highest common factor of l and x.
13
Let i = 382 + -298. Calculate the highest common factor of 112 and i.
28
Suppose -r + 5 = 0, 2*g - 4*r + 92 = 228. What is the greatest common factor of 18 and g?
6
Let q = -157 - -286. Suppose -3 + q = 7*h. Calculate the greatest common factor of h and 234.
18
Let c(a) = 16*a + 13. Let f be c(4). Let j = 119 - f. What is the highest common factor of j and 18?
6
Suppose -58 = -2*j + 68. Calculate the highest common divisor of 105 and j.
21
Suppose -f - 5*s + 25 = 0, -2*f + 5*f = 2*s + 92. Calculate the highest common divisor of 6 and f.
6
Let i(z) = z**2 - 8*z + 8. Let q = 11 + -4. Let t be i(q). What is the highest common factor of 1 and t?
1
Suppose 0 = 18*o - 6*o - 1464. Calculate the greatest common divisor of 61 and o.
61
Let y = -85 - -50. Let l = 38 + y. Suppose -4*h = l*s + 2, -4 = -4*s - h - h. Calculate the greatest common divisor of s and 8.
2
Let d(j) = j + 28. Suppose -4*w = -0*w. Let t be d(w). Let h = t - 19. Calculate the greatest common divisor of h and 6.
3
Let r = -5 - -3. Let f(g) = 4*g**2 - g - 4. Let j be f(r). Let o be 4 - (4/2 - j). What is the greatest common factor of o and 8?
8
Suppose -593 = -3*c + 3*p - 2*p, 2*c - 2*p = 394. Let s = 4 - 0. Suppose -80 = -6*t + t - 5*u, -5*t = -s*u - 98. What is the greatest common divisor of t and c?
18
Let w(a) = -a**3 + 5*a**2 - 5*a + 4. Let f be w(3). Let u(p) = 3*p**2 - 7*p + 10. Let s be u(f). Calculate the greatest common factor of 12 and s.
12
Let b = -52 + 58. Let a(y) = 2*y**2 - 5*y**2 - 7*y - 3*y**2 - y**3. Let w be a(-6). What is the greatest common divisor of w and b?
6
Let v = 138 - 137. Let f = v + 30. Calculate the greatest common factor of 31 and f.
31
Suppose -y + 21 = -2*z + 1, 5*z - y + 47 = 0. Let d be (1 - -1)/(z/(-18)). Calculate the greatest common divisor of 32 and d.
4
Let y = 35 - -3. Let a be (6/((-36)/38))/((-2)/6). Calculate the highest common factor of a and y.
19
Let f = 146 + -139. What is the highest common divisor of f and 28?
7
Let u(c) = -c**3 + c**2 + 2*c + 3. Let m = -5 - 0. Let b be u(m). Let a = -17 - -30. What is the greatest common factor of a and b?
13
Suppose -108 = -0*d - 3*d. Let i be 872/d - 8/36. Let m be (64/i)/((-2)/(-45)). What is the greatest common divisor of 12 and m?
12
Let q be (36/(-10))/(3/(-10)). Suppose -52*b + 210 + 192 + 222 = 0. Calculate the greatest common divisor of q and b.
12
Suppose -4*l + 25 = -r, -9*r + 11*r + 22 = 4*l. Let k = -44 + 100. Suppose 0 = -0*a + a - k. What is the greatest common divisor of l and a?
7
Suppose 6500 = 6*s - 2*s. Calculate the greatest common factor of 13 and s.
13
Let d(i) = -i**3 - 15*i**2 + i + 19. Let l be d(-15). Let p be (30/8)/(l/16). Suppose n = 2*n - p. Calculate the greatest common factor of n and 120.
15
Let v(y) = -y**3 - 7*y**2 - 2*y - 8. Let i be v(-7). Suppose -3*z + 54 = -2*x, -x + i*x = 15. Calculate the greatest common factor of 4 and z.
4
Suppose 1483 = 11*l - 3797. Calculate the highest common divisor of l and 80.
80
Suppose 1132 = 98*a - 1024. What is the greatest common factor of a and 18?
2
Let y(p) = -72*p - 688. Let b be y(-15). Calculate the greatest common factor of b and 245.
49
Let w = -3 + 63. Suppose -5*p + 2*g - 12 = 0, 4*p - 2 + 38 = -5*g. Let f be (6/p + 0)*-10. What is the greatest common divisor of w and f?
15
Let o = -26 - -25. Let y be 42 - ((0 - -1) + o). What is the greatest common factor of y and 7?
7
Let f(g) = -3*g - 9. Let v be f(-8). Let h = -60 + 180. What is the highest common factor of v and h?
15
Suppose 11*o - 6 = 8*o, -2*k = 3*o - 56. Let w = -11 + 16. Let y = 10 - w. Calculate the highest common factor of k and y.
5
Let o = 31 - 19. Suppose -14*q = -8 - 76. What is the greatest common divisor of q and o?
6
Let u = 5 + -13. Suppose 0*s - s = -b - 391, 1549 = -4*b + s. Let v be (-15)/60 + b/u. What is the highest common divisor of v and 6?
6
Let n = 9 + 15. Suppose -8*s = s - 216. Let l be (s/14)/(-1*(-5)/105). What is the greatest common divisor of l and n?
12
Suppose -3*t = -39 - 213. What is the highest common divisor of t and 108?
12
Let u(a) = a**3 + 8*a**2 + 7*a + 9. Let x be u(-6). Let g be ((-3)/2)/(306/104 - 3). Calculate the greatest common factor of g and x.
13
Suppose 0 = 29*o - 55 - 61. Calculate the highest common divisor of o and 316.
4
Suppose 11*c = 9*c + 122. Let t = c + -36. Suppose -63 + 13 = -2*h + 4*k, -2*h - k = -50. Calculate the greatest common factor of h and t.
25
Let f be 2*(3 - 4) - -44. Let p = f + -26. What is the highest common divisor of 64 and p?
16
Let v = -3832 - -3843. Let c(s) = 5*s**2 - 6*s - 7. Let u be c(5). Calculate the greatest common factor of u and v.
11
Let c = -1031 + 1135. Calculate the highest common divisor of 56 and c.
8
Suppose j - a = -4*a + 10, -5*a + 33 = 4*j. Calculate the greatest common factor of j and 77.
7
Suppose -4*w = -5*f + 65, -5*f - 3*w = -2*w - 65. Suppose -3*c + f = -11. What is the greatest common divisor of 40 and c?
8
Suppose x - 30 = 4*r, -2*r - 40 = -3*x - 0*r. Let s = -48 - -53. Calculate the greatest common factor of s and x.
5
Let n(z) = -9*z + 14. Let a be n(1). Calculate the greatest common divisor of 5 and a.
5
Let d(r) = -2*r**3 + 16*r**2 - 18*r + 36. Let c be d(7). What is the greatest common factor of c and 10?
2
Suppose 5*y + 25 = -3*n, -25 = 5*n + y + 4*y. Suppose -4*r - r = n. Suppose z - 9 = -r*z. Calculate the highest common divisor of z and 9.
9
Suppose 180 = 7*t - t. Suppose 0 = 6*j - 3*j + 72. Let r = 44 + j. Calculate the greatest common factor of t and r.
10
Suppose 5*v = -0*v - 10. Let u be (v - 43)*18/(-10). What is the greatest common factor of u and 54?
27
Suppose -2*j - 2*j - 3*l = -509, j - 131 = 3*l. Suppose -4*n + 8 + j = 0. What is the highest common factor of 306 and n?
34
Suppose 1477 = 5*h + 2*d + d, -5*d + 883 = 3*h. What is the highest common divisor of h and 37?
37
Suppose -55 = -5*y + 5*o, 2*o = y + 2*y - 32. Let r be (y/25)/((-8)/(-20)). What is the highest common factor of 9 and r?
1
Let t(z) = -z**3 - 9*z**2 - 11*z + 25. Let l be t(-7). What is the highest common factor of 14 and l?
2
Let s = 84 + -61. What is the highest common divisor of s and 1633?
23
Suppose -3*j + 6*j - 81 = 0. Let l be (-1 + 57/76)/((-2)/24). Calculate the highest common divisor of j and l.
3
Let c(p) = -49*p - 68. Let f be c(-26). What is the highest common factor of 18 and f?
18
Let u(h) = -h**2 + 19*h - 38. Let m be u(11). Let c(j) = 2*j**2 + 5*j - 5. Let o be c(-5). Calculate the greatest common divisor of o and m.
10
Let u = 24 - 15. Let d be (u + 5)*(-46)/(-4). What is the greatest common divisor of d and 23?
23
Suppose 5*t = t + 44. Suppose 0 = -8*f + 4*f - 28. Let k = f + t. What is the greatest common divisor of 28 and k?
4
Let j(g) = 0*g**3 - g**3 - 6*g**2 + 8 + 0*g**2 + g**2 + g. Let n be j(-5). Suppose 6*t - a - 40 = n*t, 3*a = t. What is the greatest common factor of 135 and t?
15
Let q(l) = 2*l**2 - 6*l - 11. Let j be q(8). Let z = -33 + j. Calculate the highest common divisor of z and 12.
12
Suppose -2*i = -4*i + j + 60, 3*j + 148 = 5*i. Suppose -11*z = 186 + 1948. Let y = -114 - z. What is the greatest common factor of y and i?
16
Let k(a) = 103*a**2 + a. Let b(n) = -n + 7. Let w be b(6). Let x be k(w). Calculate the highest common divisor of 13 and x.
13
Let u(w) = -10*w - 178. Let q be u(-19). Let h = 3 - 7. Let g = h + 40. Calculate the highest common divisor of g an